culate the highest common factor of s and 21.
3
Let a = -24045 - -31076. What is the greatest common divisor of 316 and a?
79
Let j(n) = n**2 - 15*n + 63. Let t be j(15). Suppose 0*g - s - 103 = -3*g, 2*g - t = -5*s. What is the highest common factor of 34 and g?
34
Suppose -16*c = 110*c - 91350. Calculate the highest common divisor of 435 and c.
145
Let h = 4057 - 3419. Calculate the highest common factor of 15631 and h.
319
Let j = -582 - -584. Suppose 3*r - 303 = 3*x, -j*x = 5*r + 132 - 630. Calculate the highest common divisor of 175 and r.
25
Suppose 0 = 6*u - u - 30. Suppose -882 = 954*h - 1101*h. What is the highest common factor of u and h?
6
Suppose -3*x - 3596 = -61*x - 0*x. Calculate the highest common divisor of 11842 and x.
62
Let z = -449 + 2093. What is the greatest common divisor of z and 12?
12
Suppose 1 = 4*m - 9*m + 4*x, -x - 1 = 0. Let g be (-1 - (0 - -2))*m. Suppose 71 + 10 = g*p. Calculate the highest common factor of 9 and p.
9
Let p(d) = -d**3 + 22*d**2 + 6*d - 79. Let n be p(22). Suppose 4*x = 49*a - n*a + 580, -3*a - 465 = -3*x. Calculate the highest common divisor of x and 18.
6
Let a(q) = 17*q**2 - 5*q - 2. Let v be a(4). Suppose 0 = -2*b, 9 = 3*w - b - b. Let f be (-15)/w + 0 - -30. What is the highest common divisor of f and v?
25
Let t be (-3665)/(-45) + ((-2)/45)/(13/130). Calculate the greatest common factor of t and 2781.
27
Let a(h) = h**3 + 7*h**2 - 8*h + 4. Let u be a(-8). Let p be (2907/(-5) - 39/65) + 2. Let f = -492 - p. Calculate the highest common divisor of f and u.
4
Let m be (-21)/49 + 3791/(-7). Let v = m + 548. Let a(x) = -2*x + 5. Let j be a(-5). Calculate the greatest common divisor of v and j.
3
Suppose 6 = -31*x + 34*x + 2*i, 5*i = 2*x - 23. Calculate the greatest common factor of x and 244.
4
Suppose 0 = 308*i - 354*i + 13110. Calculate the highest common factor of 300 and i.
15
Suppose -3*h + 348 = c + 2*h, 12 = -3*h. Let o = -2470 - -2228. Let x = o + c. Calculate the highest common divisor of 42 and x.
42
Let y(z) = z**3 + 5*z**2 - 9*z + 9. Let p be y(-7). Let w = 13 - p. Let o be (-2)/(((-2)/13)/1). Calculate the highest common divisor of w and o.
13
Let q be (-3)/(-9) - (-224)/3. Let w be 2/(-24) + 50854/1128. What is the greatest common factor of q and w?
15
Let y = 4489 + -4473. Calculate the greatest common divisor of 244 and y.
4
Suppose 25*b - 29*b - 48 = 0. Let x be 15/(-20) + (-165)/b. Suppose -40 = 9*j - x*j. Calculate the highest common factor of j and 90.
10
Suppose 0 = 5*w - 14*n + 13*n - 9864, w - 1960 = -3*n. What is the highest common divisor of 204 and w?
68
Let i(y) = -y**3 - 23*y**2 - 68*y - 38. Let o be i(-20). Let u = 118 + o. What is the greatest common divisor of u and 90?
30
Let x(u) = 3*u - 10. Let t be x(5). Suppose 0 = 3*w - t*m - 464 + 73, 5*w = -3*m + 663. Calculate the greatest common factor of w and 12.
12
Suppose -214*v + 75368 + 32857 = -29*v. What is the highest common factor of v and 6?
3
Let u = 2724 - 1008. Calculate the greatest common divisor of u and 198.
66
Let k = -33 - -61. Suppose -5 = -y - 3. Let t be (258 - y) + 2 + -6. What is the highest common factor of k and t?
28
Suppose 2*q + 4*a + 12 = 0, 5*a + 15 = -9*q + 4*q. Let x be 164 + (-7)/14*(6 + q). What is the greatest common factor of 7 and x?
7
Let t = 29515 - 29299. Calculate the highest common factor of t and 4887.
27
Let z be 12*((-30)/9)/(-2). Suppose -5*m = 2*p + 12, m - 3*m - p = 5. Let x be ((-8)/(-6) - m)*45/3. Calculate the greatest common factor of x and z.
10
Let i(t) = 43*t**2 - 2*t. Let r be i(3). Suppose 6*x = 339 + r. Let f = -107 + x. Calculate the highest common factor of 65 and f.
13
Let j be (-47 - -45)*(-2 + -143). Suppose 5*m + 2*l - 100 = 0, 0*m + 5*m = 4*l + 100. What is the greatest common divisor of m and j?
10
Suppose -192*b - 15*b + 1148643 = 0. What is the highest common factor of 62 and b?
31
Let k(f) = -352*f + 155. Let s be k(-1). Calculate the greatest common factor of s and 273.
39
Let h be 16/3*(-7755)/94. Let n be (24/30 - 0)/((-1)/h). Calculate the highest common divisor of 32 and n.
32
Suppose 0 = y - 0*y - 115. Let d(v) be the second derivative of -29*v**3/6 - 3*v**2 + 46*v + 2. Let f be d(-1). What is the highest common divisor of f and y?
23
Suppose -2*m = 4*x - 626, 15 - 194 = -x - 5*m. What is the greatest common divisor of 11165 and x?
77
Suppose -3*s = -5*h - 9, 0 = -4*s - h - 2*h + 41. Suppose 0 = n + 4*n + 20. Let y be n/24 + 435/18. Calculate the highest common factor of y and s.
8
Let u(p) = 92*p - 6282. Let q be u(73). Calculate the highest common factor of q and 899.
31
Let c(z) = 572*z - 1524. Let g be c(3). What is the greatest common divisor of 256 and g?
64
Let p(c) = 14*c**2 + 340*c + 84. Let s be p(-37). What is the greatest common divisor of 58 and s?
58
Let y be 276/39*39/6. What is the greatest common factor of 161 and y?
23
Let r(w) = 6*w**2 + 11*w - 4. Let y be r(1). Let k(i) = 3*i**3 + 2*i**2 - 3*i. Let j be k(2). What is the greatest common factor of y and j?
13
Let x be ((-999)/296 - 15/(-40))*(-115)/3. Calculate the highest common factor of x and 2369.
23
Let g(l) = 16*l**2 + 75*l - 75. Let b be g(1). Calculate the greatest common divisor of b and 24496.
16
Let w = 5792 + -5777. Calculate the greatest common factor of 1065 and w.
15
Let o(w) = 2*w**2 - w - 21. Let h be o(0). Let k be 90/h*14*(-5)/2. Suppose 10*c - 13*c = -180. Calculate the highest common factor of k and c.
30
Let o(i) = 15*i + 66. Let s be o(6). Let m be (-2 + -91)*(-5)/(-15). Let g = -18 - m. Calculate the highest common divisor of g and s.
13
Let n = -7 + 7. Let b(v) = -v**2 - 3*v. Let l be b(n). Suppose -j + l*j = -10. What is the highest common divisor of j and 15?
5
Let n be ((-207)/(-2 + 1))/(1044/34104). Calculate the greatest common factor of n and 23.
23
Suppose o - 5*o + 4*x = -12584, 0 = -4*o - 9*x + 12519. Calculate the highest common factor of 18 and o.
9
Suppose 35 = 2*v + 5*v. Let i = 10 - v. Suppose 3*p - 222 = -0*d + 3*d, -3*p + 206 = i*d. Calculate the greatest common factor of p and 8.
8
Let u be ((-11)/1)/(0 + -1) + -1. Suppose -2*l = p + 56, 4*l + 7*p - 3*p = -104. Let h be (-1512)/l + 6/(-15). Calculate the highest common factor of u and h.
10
Let y(a) = 6*a - 13. Let c = -15 - -18. Let p be y(c). Suppose 4*g - 180 = -l, g - 26 = -0*g - p*l. What is the highest common divisor of g and 138?
46
Let g(r) = 3*r - 26. Let d be g(10). Suppose 0 = -p + d. Suppose 5*h - 3*m = -0*h + 40, 5 = -3*h - p*m. Calculate the highest common divisor of h and 20.
5
Suppose 0 = -5*d - 2*n + 65, 58 = -0*d + 3*d + 5*n. Suppose 968 = 13*p - 5*p. What is the highest common factor of p and d?
11
Let q be (243/(-2))/((-3)/6). Let v = -411215 + 411233. What is the greatest common factor of q and v?
9
Suppose 4*c + 312 + 8 = 4*i, 5*i = -3*c - 208. Let z = -75 - c. Suppose 3*k = 16 - z. What is the highest common divisor of 2 and k?
1
Suppose 589*l + 2684 = 569*l + 10484. Calculate the highest common factor of l and 988.
26
Let u(s) = -s**3 + 7*s**2 + 33*s - 5. Let d be u(-5). Calculate the greatest common divisor of 286 and d.
26
Let u = 3380 + -3378. What is the greatest common factor of 32 and u?
2
Let m be 18 - ((4 - 11) + 5). Suppose 13*w - 1008 = 292. Calculate the greatest common divisor of w and m.
20
Let s = 23067 + -22702. What is the greatest common divisor of s and 25?
5
Let m = 177 - -18. Suppose -787*s + 1253*s = 6990. Calculate the greatest common factor of m and s.
15
Let y(g) = -g**2 - 4*g + 2. Let m be y(-2). Suppose 13*b - 140 = m*b. What is the highest common divisor of b and 60?
20
Suppose 4*j = 4*n - 10864, 17*n - 13*n + 3*j = 10850. Calculate the highest common factor of 118 and n.
118
Let r = -3440 + 3486. Calculate the greatest common divisor of 9706 and r.
46
Let x be 33/((-198)/(-30)) - 189/(-3). Calculate the greatest common factor of x and 54196.
68
Suppose 0 = 4*t + 244 + 56. Let g = 42 - t. Let v = 129 - g. Calculate the highest common divisor of 6 and v.
6
Suppose 114 = s - 56. Suppose 0 = g - 2*k - 785, -54*k = 2*g - 51*k - 1500. Calculate the highest common divisor of s and g.
85
Let m = 49 + -52. Let t be 3*1*(14 + m). Let n = t + 2. What is the greatest common factor of n and 14?
7
Let b be (-4)/40 - 19747/(-70). Let a(j) = -j*